14280?
70
Calculate the greatest common divisor of 979 and 121.
11
Calculate the greatest common divisor of 2751 and 786.
393
What is the greatest common divisor of 329007 and 63?
21
Calculate the greatest common factor of 2048 and 96.
32
What is the greatest common factor of 11266 and 10922?
86
What is the greatest common divisor of 98279 and 5244?
23
What is the highest common divisor of 2891 and 254408?
2891
Calculate the greatest common factor of 21141 and 1044.
261
What is the highest common factor of 1445 and 32215?
85
What is the greatest common factor of 910 and 170870?
70
What is the highest common divisor of 485424 and 5472?
144
Calculate the highest common factor of 4887 and 9231.
543
What is the greatest common factor of 3496 and 16008?
184
Calculate the greatest common divisor of 8 and 8860264.
8
Calculate the highest common divisor of 6148 and 174.
58
What is the highest common divisor of 1521 and 6855147?
1521
What is the highest common factor of 12955272 and 1023?
1023
What is the highest common factor of 6944 and 28448?
224
What is the greatest common divisor of 12 and 20676?
12
What is the highest common divisor of 280 and 145480?
40
Calculate the highest common factor of 288 and 134.
2
Calculate the greatest common factor of 110903 and 95.
19
Calculate the highest common factor of 232 and 147813.
29
What is the greatest common divisor of 16013 and 2144?
67
What is the highest common divisor of 177 and 29?
1
What is the highest common divisor of 2940 and 193620?
420
Calculate the highest common divisor of 20481 and 183.
3
What is the highest common factor of 7 and 96474?
7
What is the highest common divisor of 127231 and 26?
13
Calculate the greatest common divisor of 92963 and 195.
13
Calculate the highest common divisor of 1001 and 9373.
91
Calculate the highest common divisor of 145 and 10063.
29
Calculate the highest common factor of 418 and 6138.
22
Calculate the greatest common divisor of 2565 and 13395.
285
What is the highest common factor of 903 and 3297?
21
What is the highest common divisor of 175 and 10325?
175
What is the highest common factor of 2515 and 80?
5
What is the highest common divisor of 22456 and 1288?
56
What is the greatest common factor of 33 and 29217?
3
What is the greatest common factor of 36 and 352746?
18
Calculate the highest common divisor of 25590 and 190.
10
Calculate the highest common factor of 24660 and 109980.
180
Calculate the highest common factor of 389 and 994673.
389
Calculate the highest common divisor of 3393 and 15399.
261
What is the greatest common factor of 825211 and 37?
37
Calculate the highest common divisor of 83429 and 1995.
19
What is the greatest common factor of 171791 and 37?
37
What is the highest common factor of 37530 and 153456?
834
Calculate the greatest common divisor of 296883 and 9.
9
What is the greatest common divisor of 6116 and 1848?
44
Calculate the highest common divisor of 718 and 120983.
359
What is the greatest common factor of 123 and 2665?
41
Calculate the highest common factor of 112 and 304360.
56
What is the highest common factor of 142815 and 15?
15
What is the greatest common factor of 6384 and 2114?
14
What is the highest common divisor of 222 and 113072?
74
What is the greatest common divisor of 442 and 3638?
34
What is the greatest common factor of 15105 and 6555?
285
Calculate the highest common factor of 3010 and 198445.
215
What is the highest common factor of 8061 and 57?
3
Calculate the greatest common divisor of 142636 and 1261.
13
What is the highest common factor of 1881 and 1353?
33
What is the highest common divisor of 25201 and 725?
29
Calculate the highest common divisor of 25 and 4000.
25
Calculate the highest common divisor of 76305 and 60.
15
What is the greatest common factor of 6 and 11930?
2
What is the highest common divisor of 40 and 92740?
20
Calculate the greatest common divisor of 3488 and 297788.
436
Calculate the greatest common factor of 1027 and 28561.
13
Calculate the highest common divisor of 466622 and 4.
2
What is the greatest common divisor of 7620 and 51054?
762
What is the greatest common divisor of 3 and 43671?
3
What is the greatest common factor of 820 and 30094?
82
What is the greatest common factor of 9947 and 21?
7
Calculate the highest common factor of 744 and 1304728.
248
Calculate the highest common factor of 108 and 48804.
12
Calculate the greatest common divisor of 2 and 10463.
1
What is the highest common factor of 225780 and 3408?
852
Calculate the greatest common factor of 1680 and 90384.
336
What is the greatest common factor of 56603 and 44436?
529
What is the greatest common factor of 18953 and 154?
11
What is the greatest common divisor of 2325 and 1209?
93
Calculate the greatest common divisor of 150 and 2646.
6
Calculate the greatest common divisor of 119 and 2028593.
119
Calculate the highest common divisor of 121387 and 7.
7
Calculate the highest common divisor of 16866 and 666.
18
What is the greatest common factor of 2319536 and 16?
16
What is the highest common factor of 32809 and 903?
301
What is the greatest common divisor of 865986 and 132?
66
Calculate the greatest common divisor of 2513975 and 200.
25
Calculate the greatest common divisor of 3966 and 106421.
661
Calculate the greatest common factor of 112 and 2233.
7
What is the highest common factor of 1660696 and 170?
34
What is the highest common factor of 211692 and 4956?
708
What is the greatest common factor of 36 and 9782478?
18
What is the highest common divisor of 507591 and 245?
49
Calculate the greatest common factor of 5992 and 1064.
56
What is the greatest common factor of 2366 and 1017718?
338
Calculate the greatest common factor of 712 and 6328.
8
Calculate the greatest common divisor of 69 and 39468.
69
What is the highest common divisor of 204 and 1056?
12
Calculate the highest common divisor of 16392 and 216.
24
Calculate the greatest common factor of 556231 and 91.
13
Calculate the greatest common divisor of 20760 and 4470.
30
Calculate the greatest common factor of 20819 and 2101.
191
What is the highest common factor of 1760 and 473770?
110
Calculate the highest common divisor of 650556 and 1836.
612
Calculate the highest common divisor of 3247 and 1544617.
191
Calculate the greatest common factor of 2952 and 32.
8
Calculate the greatest common factor of 95648 and 48.
16
Calculate the greatest common factor of 927 and 4326.
309
What is the greatest common factor of 29232 and 126?
126
What is the highest common factor of 3024 and 91152?
432
Calculate the highest common factor of 7984 and 28.
4
Calculate the greatest common factor of 257 and 4369.
257
What is the greatest common factor of 686367 and 66?
33
What is the greatest common factor of 3710 and 750?
10
What is the highest common divisor of 238 and 11509?
17
Calculate the highest common divisor of 5796 and 412758.
414
What is the greatest common factor of 798 and 27474?
114
Calculate the highest common factor of 4508286 and 795.
159
What is the greatest common divisor of 92385 and 25?
5
Calculate the highest common divisor of 543086 and 41.
41
Calculate the greatest common divisor of 1924 and 8695.
37
What is the greatest common factor of 11 and 26774?
11
Calculate the highest common factor of 187 and 522841.
11
What is the greatest common factor of 266 and 240282?
14
Calculate the highest common divisor of 267520 and 640.
640
Calculate the highest common factor of 406 and 754.
58
Calculate the highest common factor of 453174 and 2256.
282
Calculate the highest common factor of 405284 and 244.
244
Calculate the highest common factor of 3 and 34421.
1
What is the highest common factor of 53743 and 964?
241
What is the greatest common factor of 1496 and 100760?
88
Calculate the greatest common divisor of 80 and 1580.
20
Calculate the greatest common factor of 412164 and 27.
9
Calculate the greatest common divisor of 18281 and 9090.
101
Calculate the greatest common factor of 152 and 173812.
76
Calculate the greatest common divisor of 5782 and 1888.
118
Calculate the greatest common divisor of 1875 and 440175.
75
Calculate the greatest common divisor of 396661 and 102.
17
What is the highest common divisor of 37761 and 46971?
921
What is the greates